s of w(9)?
2
Let n(i) = -i**3 + 8*i**2 - 17*i + 10. Let h be n(8). Let g = h + 205. List the prime factors of g.
79
Suppose -14*h + 8*h - 48 = 0. What are the prime factors of 234 + 0 + h - 1*3?
223
Let w = -662 + 847. List the prime factors of w.
5, 37
Suppose 0 = 3*m - 5*s - 4, 3*m = -2*s - 4 - 6. Let v be (21 - 7)/(m/(-4)). Suppose 2*z = -3*w - w + v, -4*w + 44 = -2*z. List the prime factors of w.
3
Let r(g) = 13*g**3 - 6*g**2 + 6*g - 24. What are the prime factors of r(6)?
2, 3, 7, 31
Let d = 30 + -37. Let r = d - -32. Suppose -2*g + 0*g + 5*o = -95, -5*o = r. What are the prime factors of g?
5, 7
Let n(c) = 2*c + 9. Let x be n(-6). Let k be ((-1)/x)/(2/342). Suppose -3*z + 2*z - k = -4*p, -z = -3*p + 42. What are the prime factors of p?
3, 5
Suppose 3*b - 3*w - 15 = -0*b, 5*b = w + 5. Suppose -10*x + 3665 - 1175 = b. List the prime factors of x.
3, 83
Suppose -3*v - 17 = -23. Suppose -v*y + 5*p + 137 = -0*y, 0 = 5*y + 3*p - 265. What are the prime factors of y?
2, 7
Let j = 430 - 427. Suppose 9 = -3*w, 0*d + 2*d - 30 = -4*w. Suppose j - d = -z. What are the prime factors of z?
2, 3
Let z be (16 + -14)/((-4)/(-346)). Suppose 0 = 4*h, 5*a + z = 3*h + 523. List the prime factors of a.
2, 5, 7
Let k = -2 + 11. Let h be 1 + 1 + (-6)/(-2). Let u = k - h. List the prime factors of u.
2
Let v(c) = c**2 + 5*c + 9. Let z be v(-4). Suppose -4*o + 0*o + 1 = n, -o = -z*n + 26. Suppose -4*l - 66 = -3*p - 5*l, n*l = 15. List the prime factors of p.
3, 7
Let c(q) = -q**3 + 5*q**2 - q - 1. Let r be c(-4). Suppose -57 = 5*v - r. Suppose -26 - v = -4*m. List the prime factors of m.
11
Let g = -1824 - -4666. What are the prime factors of g?
2, 7, 29
Let i = 10142 + -5005. List the prime factors of i.
11, 467
Let h(f) = 5 - 3*f - 9*f - 6 - 16. What are the prime factors of h(-6)?
5, 11
Let o(a) = -a**3 + 16*a**2 + 47*a - 42. List the prime factors of o(18).
2, 3, 13
Let t = -219 + 594. What are the prime factors of t?
3, 5
Let b = -126 - -42. What are the prime factors of (b/10)/(9/(-45))?
2, 3, 7
Let h = -90 + 122. List the prime factors of h.
2
Let h = 2791 + -1902. List the prime factors of h.
7, 127
Let j be 972/4*(-4)/(-6). Let g = j + -107. What are the prime factors of g?
5, 11
Suppose 5*i = 8 + 7. Let z be 4/(i*6/(-45)). List the prime factors of ((-18)/5)/(4/z).
3
Let v = 76 + -38. Let f = v + -38. Suppose 8 = -4*y, h + 4*y - 34 = -f*h. List the prime factors of h.
2, 3, 7
Let u(z) = -110*z - 1. Let j be u(-1). Let r = 67 + j. List the prime factors of r.
2, 11
Let r(z) = 24*z - 1. Let m(a) = a. Let j(p) = -4*p**3 + 2*p**2 - 1. Let y be j(1). Let l(q) = y*m(q) - r(q). What are the prime factors of l(-1)?
2, 7
Let w(b) = -1. Let n(z) = -z**3 - 11*z**2 - 11*z + 5. Let y(l) = -n(l) - 3*w(l). What are the prime factors of y(-9)?
61
Suppose -548 = -5*s + 4*x, -x = -29*s + 32*s - 322. List the prime factors of s.
2, 3
Suppose 2*x - 1176 = -3*c - x, -5*x = -10. List the prime factors of c.
2, 3, 5, 13
Suppose 58 = 3*j - 134. Suppose 4*o = o - 2*b + j, 42 = 2*o + b. Let i = -10 + o. What are the prime factors of i?
2, 5
Let y(s) = 3*s - 6. Let n be y(5). Suppose -6*a + n*a = 165. What are the prime factors of a?
5, 11
Let f(v) = v**3 + 6*v**2 - 7*v + 4. Let a be f(-7). Suppose a*n - 56 = 88. What are the prime factors of n?
2, 3
Let r = -672 + 4148. What are the prime factors of r?
2, 11, 79
Suppose -7*v + 5*v = 0. Suppose 3*w + 18 - 171 = v. What are the prime factors of w?
3, 17
Let z be -2*(0/3 - 2). Suppose 8 = -8*v + z*v. List the prime factors of (-4 - 0) + 33 - v.
31
Suppose -2301 = 6*q - 8*q - 3*u, -3*q + 3441 = u. List the prime factors of q.
2, 3, 191
Let m(z) = -z**3 - 9*z**2 + 4. Suppose -14*p = -10*p + 36. Let h be m(p). What are the prime factors of h/(-8)*8 - -13?
3
Suppose 0*l - 29 = 2*l - 5*m, -m = 3*l + 35. Let p = l + 17. Suppose p*z - 5*g + 0*g - 30 = 0, g = 2*z - 13. What are the prime factors of z?
7
Suppose 6*m - 14 = -8. List the prime factors of m*4*(-39)/(-52) + 144.
3, 7
Let w = -2856 + 7591. List the prime factors of w.
5, 947
Suppose 0 = -2*j + 2*c - c - 59, 150 = -5*j + 3*c. Let m = j + 53. Suppose -3*l + l + m = 0. What are the prime factors of l?
13
Let o be (-3)/(-1)*246/(-9). Let s = -27 - o. What are the prime factors of s?
5, 11
Suppose 0 = 2*t + 4*l - 24, 16 = t - l - 8. What are the prime factors of t?
2, 5
Let j = -7 + 6. Let t be (-59 - (j - -1))*1. Let k = -37 - t. What are the prime factors of k?
2, 11
Suppose 0 = 4*l - 7*l + 303. List the prime factors of l.
101
Let q be -12*(-1 - 22/(-4))/(-6). What are the prime factors of 83 - (2/3)/(6/q)?
2, 41
Let s = 28 - -24. List the prime factors of s + 8/((-8)/3).
7
Let q(n) = n**3 - 3*n**2 + 3*n + 5. Suppose 3*b = 13 + 2. List the prime factors of q(b).
2, 5, 7
Suppose -5*n = n. Suppose -5*j - 3*u + 8*u = n, j - 24 = -5*u. What are the prime factors of j/(-18) + 1135/45?
5
Suppose -14 = -j - 5*n + 7, -31 = -3*j + n. Let m(r) = -j*r - r**2 + 3*r**2 - 6 + 7*r. List the prime factors of m(-4).
2, 3, 7
Suppose 4*x + 2*o - 27 - 635 = 0, x - 4*o - 170 = 0. Let v = x - 44. Let d = -81 + v. What are the prime factors of d?
41
Let s be 18 + 1/(2/(-4)). Suppose 13 + 39 = -4*d. Let h = s + d. List the prime factors of h.
3
Let t = -224 + 80. Let c = t + 147. List the prime factors of c.
3
What are the prime factors of (3 + -5)/(26/(-7904))?
2, 19
Suppose 0 = -5*j + 5*b - 10, 2*j = 6*j + 2*b - 22. Suppose -2*v + q - j*q = -124, 2*v = 2*q + 108. What are the prime factors of v?
2, 29
Let o = 550 + -999. Let d = o + 718. List the prime factors of d.
269
Let z(m) = 2*m**3 + 17*m**2 - 5*m - 9. Let p = 21 + -29. What are the prime factors of z(p)?
5, 19
Let n be (-150)/(-20)*4/(-5). Let c(o) = 2*o**2 + 4*o - 9. List the prime factors of c(n).
3, 13
What are the prime factors of (48/72)/((-2)/(-807))?
269
Let w(p) = -2*p - 38. Let t(q) = 3*q + 38. Let b(c) = -5*t(c) - 6*w(c). Let f be b(0). Suppose -8 = 5*g - f. List the prime factors of g.
2, 3
Let g(m) = -19*m - 84. List the prime factors of g(-10).
2, 53
Let r be (-19)/(-5) - 6/(-30). Suppose a - r*a = -6. What are the prime factors of 2 - (-41 + a + 1)?
2, 5
Suppose 8 = 2*d + 3*r - r, -4*d + 11 = -r. Suppose d*b - 2*x = 17, -4*x = b - 16 - 13. Suppose 3*c = b, 5*y + 0*c + 4*c = 87. What are the prime factors of y?
3, 5
Let i = -9 - -13. Suppose -i*v - 135 = -3*c, -4*c + 2*v = 4*v - 158. What are the prime factors of c?
41
Suppose -4*f + 2*m - 6 = 0, 0 = f - 0*m + m + 6. Let y be (0 + f)/((-2)/2). Suppose 2*j = y*j - 20. List the prime factors of j.
2, 5
Let d(x) be the first derivative of x**6/180 + x**5/10 - x**4/6 - 4*x**3/3 - 6. Let a(j) be the third derivative of d(j). What are the prime factors of a(-9)?
2, 5
Suppose -3*b - 96 - 96 = 0. List the prime factors of b/48*(-177)/2.
2, 59
Let u be (16/6)/(4/42). Let q(h) = -7*h + 1. Let w be q(1). Let p = u + w. List the prime factors of p.
2, 11
Let a(h) = -h**3 - 7*h**2 + 5. Let w be a(-7). Suppose 15 = 5*y - w. Suppose -6*u = -y*u - 72. What are the prime factors of u?
2, 3
Suppose -5*v - 2*c - 5 = -33, 3*v = c + 19. Suppose -3*d - 39 = -l, l + 4*d + 239 = v*l. Suppose -18*a = -17*a - l. What are the prime factors of a?
3, 17
Let u(m) = -m**3 - 11*m**2 - 2*m - 15. Let j be u(-11). Suppose 4*i - j - 5 = 0. List the prime factors of i/(-6) - 46/(-4).
11
Let v = -165 + 127. Let h = v - -100. What are the prime factors of h?
2, 31
Let c be -2 + 1*10 - -2. Let j(p) = 11*p + 14 + p**3 + 7*p**2 - 8*p**2 - 10*p**2 + 0*p**3. What are the prime factors of j(c)?
2, 3
Let v be (-2)/4 + (-627)/(-6). Suppose 0 = -o + 5*r + 41, 3*o + 0*r - v = -4*r. Let m = -24 + o. What are the prime factors of m?
2, 3
Suppose -23*m = -24*m + 2. List the prime factors of (0 - 6) + 5 + 1 + m.
2
Let s = 296 + 7. List the prime factors of s.
3, 101
Let x = 87 + 112. Let g = -54 + x. What are the prime factors of g?
5, 29
Let w(f) = 5*f**3 - f**2 + f + 32. What are the prime factors of w(5)?
7, 13
Let v(z) be the first derivative of -9*z**2/2 - 18*z - 11. List the prime factors of v(-16).
2, 3, 7
Let g = 1462 - 718. What are the prime factors of g?
2, 3, 31
Let j(f) = 4*f - 15. Let l be j(0). Let u = l + 15. Suppose h - 22 - 36 = u. What are the prime factors of h?
2, 29
Let r = 2707 - 2475. List the prime factor